uppose -b + 46 = 3*p, -10 = -3*p + 4*b + g. What are the prime factors of p?
2, 7
Let d = 9 - 13. Let g(i) = i**2 - i - 5. What are the prime factors of g(d)?
3, 5
Let a = 49 + -32. List the prime factors of a.
17
Let p(f) = f**2 - 3*f + 3. Let j be 6 + (-1)/((-1)/(-3)). Let m be p(j). Suppose 0 = v + m, n + 3*v = -0 + 1. What are the prime factors of n?
2, 5
List the prime factors of -1*(-312)/(-16)*14/(-3).
7, 13
Let w(t) = t**3 - 2*t**2 - 2*t - 1. List the prime factors of w(4).
23
Let z(r) = -r + 2. Let g be z(7). Let p be g*(48/(-15))/(-4). What are the prime factors of p - (1 + -3) - -10?
2
Suppose -2*l + 3 + 13 = 0. Suppose 6 = -9*y + 4*y + 4*r, 5*y = r + 6. Suppose -l = -0*s - y*s. What are the prime factors of s?
2
List the prime factors of 428/18 + (-8)/(-36).
2, 3
Let q = 4 - 2. Suppose w - 4*w - g = -5, 5*g = q*w - 26. Suppose -5*p + 107 = -2*i, -2*p - 5*i = -w*p + 26. What are the prime factors of p?
3, 7
Let v be (-1)/3 - 70/6. What are the prime factors of (6/v)/(1/(-18))?
3
Let k = -4 - 1. List the prime factors of 17 - (3 + k - -3).
2
Let x = 30 + -7. Suppose i = -4*d - 7, 6 + x = i - 5*d. Suppose 5*s = 21 + i. List the prime factors of s.
2, 3
Suppose 0 = n - 0 + 4. Let b be (-2)/n - (-5)/(-10). Suppose b = -w - 0*w + 7. What are the prime factors of w?
7
Let z(u) be the first derivative of -4*u + 7/3*u**3 + 3 + 1/4*u**4 + 2*u**2. What are the prime factors of z(-6)?
2
Let c(x) = -x**2 - 11*x - 11. Let n be c(-9). Let d(q) = 0*q**3 - n*q + 6*q + 12 + q**3. List the prime factors of d(0).
2, 3
Let g = -7 - -11. Suppose g*o - 56 = -8. List the prime factors of o.
2, 3
List the prime factors of 34 - 1 - (8 - 12).
37
Suppose 5*p - 4*m - 347 = -3*m, 2*p = -5*m + 155. What are the prime factors of p?
2, 5, 7
Suppose 1406 = -19*w + 9310. What are the prime factors of w?
2, 13
Suppose -16 = 4*x, 2*o + 2*o = 4*x + 168. What are the prime factors of o?
2, 19
Let r(b) = b**3 + 3*b**2 - 5*b - 1. Let k(o) = -o + 8. Let h be k(6). Suppose -2*a - h = 6. What are the prime factors of r(a)?
3
Suppose 12 = 6*j - 3*j. Suppose 0*u = -j*u + 12. List the prime factors of u.
3
Let s(c) = -2*c + 13. Let d(r) = r**2 - 10*r - 6. Let q be d(10). What are the prime factors of s(q)?
5
Suppose 26 + 1 = 3*i. Suppose -5*v - 1 = -46. What are the prime factors of 146/i + (-2)/v?
2
Let h = 17 - 9. Suppose -5*p = -p - h. List the prime factors of p.
2
Let k(b) = -15*b**2 + 4*b. Let d(v) = 4*v**2 - v. Suppose -2*u + 18 = -0*u. Let h(c) = u*d(c) + 2*k(c). List the prime factors of h(-1).
7
Let d(a) = a**2 + a + 1. Let p(v) = 6*v**2 + 9*v - 4. Let j(w) = -5*d(w) + p(w). What are the prime factors of j(-7)?
2, 3
Suppose -2*r - 3*v - 4 = 7, -3 = -4*r - v. Suppose -r*m + 25 = -5*i, -3*i + 7 - 30 = -2*m. List the prime factors of m.
2, 5
List the prime factors of 1/(10/12*(-12)/(-1080)).
2, 3
Let c(q) = -q**3 + 5*q**2 - q + 6. Let l be c(5). Let d be (-6)/3 + 14*l. Suppose 2*i - 3 = i - 5*r, -4*r = 2*i - d. List the prime factors of i.
2
Suppose 64 = 4*w + 4*b, -w - 3*b + 8 = -4. What are the prime factors of w?
2, 3
Suppose 0 = -2*l - 3*l + 75. What are the prime factors of l?
3, 5
Let g(j) = j**2 + 4*j - 4. Let m(t) = t**2 + 3*t - 6. Let c be m(-5). Suppose 2*d = -18 + c. List the prime factors of g(d).
17
Let j(i) = 3 + 0*i - 4 + 3*i**2 - 2*i. Let v be j(3). Suppose -v = -2*g - 2*g. List the prime factors of g.
5
Let v(z) = -4*z**3 - z**2. Let b be v(-1). Suppose -b*u = 2*u - 80. Let y = u - -5. List the prime factors of y.
3, 7
Suppose 3*q + 5 = 4*l, q + 3*l = 4 - 23. Let f = 11 - q. What are the prime factors of f?
2, 3
Let q = 133 + -38. List the prime factors of q.
5, 19
Let y = -6 - -9. Suppose 3 = 3*t - y. What are the prime factors of t/5 - (-54)/15?
2
Suppose -5*o + 10*o = 70. List the prime factors of o.
2, 7
Let w(k) = 98*k**3 - k**2 + 2*k - 1. List the prime factors of w(1).
2, 7
List the prime factors of -6*1*2/(-4).
3
Let b = 80 - 336. Let p be b/18 + 10/45. Let k = p - -24. List the prime factors of k.
2, 5
Let n = -9 - -3. Let w = 11 + n. List the prime factors of w.
5
Suppose -3*a = -a - 8. Suppose -a*g - 21 = -5*g. Let v = -10 + g. List the prime factors of v.
11
Suppose -3*z - u = -100, 4*z + 4*u - 85 = z. List the prime factors of z.
5, 7
Suppose 3 + 17 = 5*z. Suppose z*m - 2*n + 0*n - 210 = 0, n = 5*m - 255. List the prime factors of m.
2, 5
Let g = 22 + 72. List the prime factors of g.
2, 47
Suppose -5*z - 5*d + 175 = 0, 94 + 64 = 4*z - 5*d. What are the prime factors of z?
37
What are the prime factors of ((-50)/(-125))/((-2)/(76*-5))?
2, 19
List the prime factors of 35 - ((-32)/(-4))/4.
3, 11
Suppose -w + 4*w - 15 = 0. Suppose 0*x + 12 = a - x, w*a - x - 40 = 0. List the prime factors of a.
7
Let w(h) = h**2 + 11*h - 10. List the prime factors of w(4).
2, 5
Let m(f) = -3*f - 2. Let v be m(-2). What are the prime factors of v/(-6) + (-47)/(-3)?
3, 5
Let i be 4/(-6) + 8/3. Suppose -32*y + 31*y = -5. Suppose -g = -i - y. What are the prime factors of g?
7
Let j = 9 - 9. Suppose 8 = -4*d, v - 28 = -j*v + 4*d. What are the prime factors of v?
2, 5
Let t(b) = b**3 - b**2 - 8*b + 18. What are the prime factors of t(6)?
2, 3, 5
Let q(z) = -z**2 - 7*z + 4. Let x be q(-7). Suppose -3*d - 2*i = -24, 16 = -2*d + x*d - 4*i. What are the prime factors of d?
2
Let s be 3 + (-6)/((-2)/(-1)). Let b(k) = k - 2. Let r be b(6). Suppose -r*n + m + 52 = s, -4*n + m = -3*m - 64. List the prime factors of n.
2, 3
Suppose 2*d + 5 - 15 = 0. Suppose -194 = -5*l + 3*y - 80, -y = -d*l + 108. List the prime factors of l.
3, 7
Let h be ((-4)/6 - 0)*3. Let f be 3*h/(-6) + 3. Suppose -4*z - 13 = -7*z - d, -23 = -3*z + f*d. List the prime factors of z.
5
Suppose 0 = 5*a - 5, 3*t = 2*a + a + 6. Suppose -t*r + 2*d + 7 + 12 = 0, -d - 14 = -2*r. What are the prime factors of r?
3
Let c = 4 + 2. Let f = 16 - c. List the prime factors of f.
2, 5
Let f(j) be the first derivative of j**2 - 6*j + 10. List the prime factors of f(12).
2, 3
What are the prime factors of ((-28)/20 + 1)*(-1315)/2?
263
Let c(j) = j + 62. Let r be c(0). Let y = r - 42. List the prime factors of y.
2, 5
Let d(f) = -f**2 + 6*f + 4. Let p be d(6). Suppose 3*r = -4*i + 44, i + 62 = p*i - 5*r. List the prime factors of i.
2, 7
Let w = 196 + -65. List the prime factors of w.
131
Suppose 4 = 3*d + d. Let g = 7 + d. List the prime factors of g.
2
Let u = 32 - 1. List the prime factors of u.
31
Suppose 3*y - 3*p - 6 = 12, 3*y = -p + 22. Let x = 13 + -2. Let z = x - y. What are the prime factors of z?
2
Suppose 0 = -z + 4*o - 17, 4*z + 3*o - 10 = 17. Let f = z - 9. List the prime factors of f/(-4)*110/15.
11
Let v = -9 - -20. List the prime factors of v.
11
Suppose -7*y - 4*y = -990. List the prime factors of y.
2, 3, 5
Let c be (-2)/(10/6 - 2). Let m be (-3)/c*0/(-1). What are the prime factors of 14 - (2 + m + 0)?
2, 3
Let u = 85 + -22. List the prime factors of u.
3, 7
Suppose 9 + 11 = 5*y. Suppose 143 = 4*z + 5*n - 102, 2*z - y*n = 90. Suppose 2*j - 22 = -3*u, u = 5*j + 3*u - z. List the prime factors of j.
11
Let r = -2 - -4. What are the prime factors of (5/3 - r)*-39?
13
Let p = 416 + -64. List the prime factors of p.
2, 11
Suppose 4 = -y + 19. Suppose 5*b + 2 = -5*t + 17, b + 4*t = y. List the prime factors of (7/1)/(b/(-1)).
7
Suppose 3*q - 4*q + 155 = 3*j, -5*j + 4*q + 247 = 0. List the prime factors of j.
3, 17
Suppose -2*h = -3*c + 7*c - 56, 3*c = -3*h + 72. Suppose 4*m = -m - h. List the prime factors of (-2*5)/(8/m).
5
Let u = 6 + 5. List the prime factors of u.
11
Suppose 0*m + 4*m - 80 = 0. Suppose 5*r + 3*z = -m, 3*r + 39 = r + 5*z. Let o = -3 - r. What are the prime factors of o?
2
Suppose -5*w = -3*w - 2. Let x = 1 + w. Suppose 103 = 5*r + 3*a, a - x*a = -4*r + 79. List the prime factors of r.
2, 5
Let x = 134 - 71. Suppose 3*y - 2*b = -128, -2*b - 137 = 4*y + 15. Let d = x + y. What are the prime factors of d?
23
Suppose -7*b + 15 = -4*b. What are the prime factors of b?
5
Suppose 0 = 3*z - 17 - 1. Suppose -8 = 5*u - z*u. What are the prime factors of u?
2
Let w = 6 - 5. List the prime factors of (-15)/(-3)*(2 + w).
3, 5
What are the prime factors of (-1 - -2)/((-14)/(-266))?
19
What are the prime factors of -5 - 15/(-3) - -74?
2, 37
Let f(n) = -2*n**2 + 5*n + 4. Let d be f(5). Suppose 3*u = 